Let h be 12/44 - (-13519)/121. Let a = 40 - 8. What is the greatest common divisor of h and a?
16
Let o(j) = -j**3 - 6*j**2 + 4*j - 1. Let h be o(-7). Let n = h - -16. Suppose -23 + 71 = 4*w. What is the highest common divisor of w and n?
12
Let b(p) = -3*p**3 - p + 1. Let a be b(-1). Suppose -a*v = 5*t + 5, 0 = -3*v + 7 - 19. Calculate the greatest common factor of 9 and t.
3
Suppose 21*d = 14285 - 467. Calculate the greatest common factor of d and 70.
14
Suppose -4*v = 19*l - 20*l - 7, -3*l - 5*v + 30 = 0. Let o(p) = p**3 - 5*p**2 - 3*p + 36. Let g be o(l). What is the highest common factor of g and 42?
21
Let l = 134 - 183. Let g be 256/14 + (42/l)/3. Calculate the highest common divisor of g and 54.
18
Let f be (0 - 2)*(-158)/4. Suppose 0 = -5*g - 3*k + 802, -5*g + 2*k + 675 = -107. Calculate the greatest common factor of g and f.
79
Let h = 2 + 6. Let x(p) = 72*p**2 + 20*p + 67*p**2 - 8*p - 9 + 74*p**2 - 214*p**2. Let v be x(h). Calculate the greatest common factor of v and 115.
23
Suppose 0 = 44*a - 4*a + 42842 - 181442. Calculate the highest common factor of a and 60.
15
Let s be (-2)/(-2 + 0 - -3). Let x be (9*1)/(s/(-6)). Let u(r) = 1380*r - 1377. Let w be u(1). Calculate the highest common divisor of x and w.
3
Let w be (-3)/((-6)/(-4)) + -2*1. Let i be (-3)/(78/w) + 384/39. Suppose 0 = 12*d - i*d - 48. What is the greatest common factor of d and 6?
6
Let i = -20436 - -24752. Calculate the greatest common divisor of 12 and i.
4
Let q be 7/(35/655) + 2/(3 - 1). What is the greatest common factor of q and 748?
44
Let d(t) = -t**2 - 5*t + 1. Let y be d(-4). Let p(i) = -7*i - 1 + y*i + 17*i - 4*i. Let s be p(3). Calculate the highest common divisor of s and 16.
16
Let t be (44/(-77))/((-1 - 1)*25/175). Suppose -5*s + 692 - 92 = 0. Let x be s + t/(-2) + 4. Calculate the greatest common factor of 41 and x.
41
Let v(x) = -8*x**3 + x**2. Let y be v(-2). Let c be 0 + (-120)/8 - -185. Calculate the greatest common divisor of c and y.
34
Suppose 2*g + 318*l - 1016 = 320*l, 4*g + 3*l = 2046. Calculate the highest common factor of g and 150.
30
Suppose 4*i + 78 - 398 = 0. Let p = i - -16. Calculate the greatest common factor of p and 72.
24
Suppose 123*j = 127*j - 28. Suppose -2*p - 3*p = -375. Let a = p + 2. Calculate the highest common divisor of a and j.
7
Let k(d) = -22 - 13*d + 20 + 24. Let q be k(1). What is the greatest common factor of q and 9?
9
Let j be ((-42)/(-8))/(738/328)*(4 - 1). Calculate the highest common divisor of j and 3598.
7
Let k be (-1148)/(-35) + 1/5. Suppose 4*v + 223 = 247. What is the highest common factor of v and k?
3
Suppose -9*a + 6*a + 372 = -3*s, 5 = -s. Calculate the highest common factor of 189 and a.
7
Let b be (-18)/(-6) + (-663)/(-3). Suppose -44*l + 16*l + b = 0. Let m(a) = 27*a**2 + a - 2. Let h be m(-2). What is the highest common factor of l and h?
8
Let l(m) = -2*m - 9. Let p be l(-5). Let y be 11*2 + p + 18/(-18). Suppose -s + y = 12. What is the highest common divisor of s and 50?
10
Let r = 4242 + -4186. What is the greatest common divisor of 5572 and r?
28
Suppose 4*f - 1998 = 5*z, -2*z - 3*f - 150 = 640. Let n be 12 - (-290)/(-25) - z/5. Calculate the greatest common divisor of n and 272.
16
Suppose -11*q = i - 14*q - 1929, 3*q + 9741 = 5*i. What is the greatest common factor of i and 434?
217
Let s(l) = 251*l**3 - 9*l**2 + 7*l + 9. Let r be s(2). What is the greatest common factor of r and 1470?
105
Let n(i) = -66*i + 52. Let m(q) = -32*q + 25. Let g(j) = -13*m(j) + 6*n(j). Let k be g(1). What is the greatest common divisor of 448 and k?
7
Let w be ((-114)/76)/((-4)/2232). What is the greatest common divisor of w and 155?
31
Let o = -25950 + 38485. Calculate the highest common factor of o and 115.
115
Suppose -232*y + 1013 = -611. Calculate the greatest common factor of y and 721.
7
Let g be -190 + -4 + 7 + -1. Let i = -181 - g. What is the highest common divisor of i and 49?
7
Suppose -3*g = 2*h - 10, h + 30 = 3*g - 2*h. Let v = g + -5. Suppose 0 = -5*q + 3*s + 73, s + 64 = 58. What is the highest common divisor of q and v?
1
Let w(a) = -3*a**2 - 245*a - 2737. Let y be w(-68). Let b be ((-9)/12)/(1/(-8)). Calculate the highest common divisor of b and y.
3
Suppose -3*m + 6*m - 108 = 0. Calculate the greatest common factor of m and 405.
9
Let i be (3612/24 - 2)*(-2)/(-3). Let n = -14 - -18. Suppose 3*q = n*q - 9. Calculate the greatest common divisor of i and q.
9
Let s = -3367 - -3369. What is the highest common divisor of s and 980?
2
Suppose -s + 3*o = -11, 5*s + 21 = 5*o + 76. Suppose -10*q + 3385 = -1015. Calculate the greatest common factor of s and q.
11
Let w(b) = 4*b - 9. Let n be w(-4). Let g = n + 29. Suppose u + 4*q = 3*u - 26, g*u + q - 52 = 0. Calculate the greatest common divisor of 13 and u.
13
Suppose -5*r + 497 - 67 = 0. Let o be -2*(-1)/2*5 - 56. Let s = r + o. Calculate the highest common divisor of 105 and s.
35
Let a be (17 + 728/(-42))/((-2)/108). What is the greatest common factor of 2385 and a?
9
Let t = 104 - 102. Suppose 5*u = q - 0*q, -t*u + 2 = 0. Suppose 2 = q*l - 58. What is the highest common factor of l and 15?
3
Suppose 20*o + 36*o - 20245 - 45275 = 0. Calculate the greatest common factor of o and 4914.
234
Suppose 5*h - 12*h + 420 = 0. Let c(y) = y**2 + 2*y - 9. Suppose -2*m - w = 11, 4*w - w - 2 = m. Let n be c(m). What is the highest common divisor of n and h?
6
Suppose -4716 = 82*j - 88*j. Let l = 795 - j. Calculate the highest common factor of l and 162.
9
Suppose 0 = -5*u + 44*u - 16536. Let j = u - 423. Calculate the greatest common factor of 44 and j.
1
Suppose 0 = -v - 5*b + 15, -5*v = -0*b - b + 3. Suppose 3*x + 2*x - 240 = v. Let j be 3/12 + (-63)/28 - -14. Calculate the greatest common divisor of x and j.
12
Let m(q) = 413 - 20*q + 330 - 860. Let b be m(-8). What is the greatest common divisor of 387 and b?
43
Let r = -496 + 573. Suppose 71*z - r*z + 90 = 0. Calculate the highest common divisor of 50 and z.
5
Let t(k) = 227*k - 1778. Let g be t(8). What is the highest common divisor of 7258 and g?
38
Let z be 1*(1/(-1))/(-1). Let g = -1200 + 1229. What is the highest common factor of z and g?
1
Let a(q) = -12*q. Let s be a(-7). Let j be (-50)/(-20)*s/10. Suppose -j - 3 = -8*b. What is the greatest common divisor of b and 33?
3
Let b = 145 + 97. Suppose 24*n - 224 - 304 = 0. Calculate the highest common factor of n and b.
22
Let v = 32026 + -24460. Calculate the highest common divisor of v and 13.
13
Suppose -1554 = -5*x - 2*d, -183*x + 187*x = -2*d + 1246. Calculate the highest common divisor of x and 1008.
28
Let n = 16807 + -7282. Calculate the greatest common divisor of 30 and n.
15
Let a be (-11 - 0)/(19/(-3) - -6). Suppose f = -4*w + a + 23, -2*f = -3*w - 57. Calculate the greatest common divisor of 16 and f.
4
Let a be (20/(-2))/(1/17). Suppose 0 = -j - 298 + 188. Let q = j - a. What is the greatest common divisor of 30 and q?
30
Suppose 303*n - 65 = -3*m + 302*n, 3*n = -12. Calculate the highest common divisor of m and 16514.
23
Let h(l) be the third derivative of 5*l**4/12 - 41*l**3/3 + 19*l**2. Let b be h(20). Let d = -101 + b. Calculate the greatest common factor of 187 and d.
17
Let n be (82/(-3))/(1712/216 - 8). Suppose 2*i = 3*r - 231, 5*r - 19*i + 21*i - n = 0. What is the highest common divisor of 25 and r?
25
Suppose -p + 25 = 2*a + 8, -5*a - 70 = -2*p. Calculate the greatest common factor of 515 and p.
5
Let u = 3 + 2. Let z = -71358 - -71383. Calculate the highest common divisor of u and z.
5
Let o(h) = 2*h - 4. Let c be o(4). Suppose 2*u - 5*w = 5*u + 27, 0 = 2*u + 4*w + 20. Let f be (u + 1 - -15) + -4. What is the highest common factor of f and c?
4
Let g(b) = 24*b**2 + 8*b - 9. Let u be g(1). Let c be u*-5*(-975)/375. Calculate the greatest common divisor of 46 and c.
23
Suppose -3*c - 7 = t, t - 5*c - 22 = 3. Suppose -g - 9 + t = 0. Let w be g*(-3 - 5/(80/(-12))). Calculate the greatest common factor of w and 45.
9
Let u = 106 + -478. Let t = 392 + u. Calculate the highest common factor of t and 220.
20
Let m be -27*1*(-120)/360. Let b = 26 - 18. Suppose -b*u - 25 = -5*g - 3*u, -3*u + 21 = g. What is the greatest common factor of m and g?
9
Let i(a) = -a + 52. Let q be i(-3). Suppose 24 = -4*r + 6*r. Let y be (33/(-1))/(-4 + 